**6/120 - c**5/20 + c**4/6 - c**3/3 - 35*c**2/2 + 32. Let w(z) be the second derivative of b(z). Calculate w(2).
-14
Let d be 1 + -4 + 4 + 19. Let q = -27 + d. Let l(w) = w**3 + 8*w**2 + 6*w + 1. Calculate l(q).
8
Suppose w + m - 4 = 0, 4*w = -3*m + 17 - 2. Let h(z) = -19*z**2 + 2*z + 4*z + 4 + 25*z**2 + z**w. Determine h(-5).
-1
Let y(z) = 0*z - 15 - 57 - z - 29 - 3*z. Calculate y(-26).
3
Let z(a) = -6*a + 7468 - 2*a**2 + 0*a**2 + a - 7474. What is z(-5)?
-31
Let t(b) = 9*b**3 - 8*b**3 - 10 + 6*b**2 + 4*b**2 + 5*b**2 - 15*b + 30. What is t(-16)?
4
Let c = -496 + 504. Let q(z) = z**2 - 12*z + 6. Determine q(c).
-26
Let o be (-2 - -1)*61 + (-3)/1. Let h be -3*o/30 + (-2)/5. Let w(n) = -3*n + 9. Determine w(h).
-9
Let t(d) = -d**2 - d + 4. Let u be 61/2 - (-2)/(-4). Let i be ((-2)/5)/((-3)/u). What is t(i)?
-16
Let q(a) = -2*a + 4*a + 7 + a - 4*a. Calculate q(5).
2
Let j(d) = -7*d + 2. Let w(u) = 21*u - 6. Let s(c) = -8*j(c) - 3*w(c). What is s(3)?
-19
Let v(m) = -2 + 0 + m**3 - 749*m - 741*m - 7*m**2 + 1483*m. Give v(8).
6
Let x(z) = 5 + 10*z - z**2 + 5 - 17. What is x(9)?
2
Suppose 72 = 5*f - 23. Let u = f + -15. Let p(r) be the second derivative of r**5/20 - 5*r**4/12 + r**3/3 + 5*r**2/2 - r. Calculate p(u).
-3
Let i(u) = u**2 - u + 1. Suppose x + 11 = 12. Let s(v) = -v**3 + 7*v**2 - 4*v + 1. Let b(h) = x*s(h) - 2*i(h). Determine b(4).
7
Let l(c) = -3*c - 4. Suppose 0 = -29*u + 111 - 24. Give l(u).
-13
Let h(n) = n**3 - 6*n**2 + 5*n + 2. Let x be 0*(1 + 4 + -4). Let u be (-2 - -2) + (x - -5). Let s be h(u). Let m(o) = 2*o**2 + o + 2. Determine m(s).
12
Let x(r) = -r**2 + 3*r - 1. Let s be 20/25*(-20)/(-8). Give x(s).
1
Let y(r) = r**3 - 14*r**2 + r - 9. Suppose -9*w - 18*w = -378. Give y(w).
5
Let c(p) be the first derivative of 1/3*p**3 + 22 - 2*p**2 + p. Determine c(3).
-2
Let i(f) = -9*f**3 + f. Let l be 5/3*(-45)/(-75). Determine i(l).
-8
Suppose 0 = -2*p + 4*f - 2 - 0, 2*p - 2*f = 2. Let b(w) = 3 + 0 - p - w. Give b(-4).
4
Let t(a) be the third derivative of 1/60*a**5 + 0 + 0*a**4 + 0*a + a**2 - 1/3*a**3. Determine t(-4).
14
Let w(v) be the third derivative of -v**4/24 - v**3 + v**2. Let y = -119 - -125. Let m(i) = -3. Let h(n) = y*m(n) - 3*w(n). Give h(-1).
-3
Let g(a) be the third derivative of a**7/2520 + a**6/720 + 7*a**5/120 - 7*a**4/24 + 15*a**2. Let c(u) be the second derivative of g(u). Calculate c(0).
7
Let r(y) = -y**3 + 6*y**2 + 13*y + 15. Let c be r(8). Let f(m) = 5*m + 9. Give f(c).
-36
Let b(h) = 9*h + 24. Let y(z) = 4*z + 12. Let g(c) = 3*c - 10. Let a be g(11). Let m = a + -20. Let r(s) = m*b(s) - 7*y(s). Give r(-5).
-7
Suppose -2*p + 226 = 5*x, -6*p = -2*p + 2*x - 436. Let k = 112 - p. Let s(h) = -h**3 + 6*h**2 - 3*h + 1. Determine s(k).
21
Let g(k) be the first derivative of 31*k**2/2 + k + 636. Give g(-1).
-30
Let s(n) = 2*n + 74. Let a(h) = -h - 63. Let x(r) = -6*a(r) - 5*s(r). What is x(-6)?
32
Let t(a) = a - 9. Let n = -480 - -486. Determine t(n).
-3
Let g(v) = -56*v - 6. Let l be g(-4). Let r(z) = -209*z**2 - z**3 - 8*z + 1 + l*z**2 + 3. What is r(8)?
4
Let n(f) = 2*f**3 + f - 1. Suppose -g = m - 21, 7*g = 6*g + 2*m + 15. Suppose 2*d - 3 = x + d, x = 5*d - g. What is n(x)?
2
Let p(w) be the first derivative of -w**2/2 + 11*w - 324. What is p(11)?
0
Let l(j) be the second derivative of j**4/12 - 3*j**2/2 - 15*j. Let s(q) be the third derivative of q**4/24 + 5*q**3/3 + q**2. Let a be s(-7). Give l(a).
6
Let r(z) = -4*z**3 - 12*z**2 + 19*z - 2. Let u(m) = -3*m**3 - 8*m**2 + 13*m - 1. Let v(p) = -5*r(p) + 7*u(p). Calculate v(3).
0
Let u(j) = 2891*j + 5 - 2 - 1 - 1448*j - 1438*j. Calculate u(-2).
-8
Suppose 0 - 8 = -2*f. Suppose -d - 1 = -i, 2*i + 2 = f*d - 0. Let l(t) = t + 1 + 2 + i*t**2 - 3. Calculate l(-1).
2
Let l(c) = -9*c - 7. Let h(j) = -7*j - 11. Let w(u) = 3*h(u) - 2*l(u). Give w(-4).
-7
Let a = 267 + -2669/10. Let i(x) be the third derivative of 0*x - 1/12*x**4 + 5*x**2 + 0 - 1/6*x**3 - a*x**5. Calculate i(-1).
-5
Suppose -16*x = 12*x - 140. Let o(d) = d**3 - 4*d**2 - 7*d + 9. What is o(x)?
-1
Let m be -4*(6/(-4) - -1). Suppose m*z + 4 = z. Let h be (-3)/1 + (z - -3). Let b(u) = 2*u + 5. Determine b(h).
-3
Let j(p) be the third derivative of -p**5/60 - p**4/6 - 4*p**3/3 - 5*p**2 - 10. Determine j(-6).
-20
Suppose 3*l - 17 = -2*m, 8 = 2*l + 5*m - 18. Let g(j) = 3*j**2 + 3*j + 2. Let r(d) = 2*d**2 + 3*d + 1. Let s(w) = l*g(w) - 4*r(w). Give s(3).
2
Let x = 3 - 3. Suppose 0 = 5*h - 4*h - 6. Let f(z) = 5*z - h - 14*z + 10*z. Determine f(x).
-6
Let q(f) = f**2 + 5*f. Let v(z) = -z - 1. Suppose -5*w = 4*j + 67 - 25, 3 = -w + j. Let i be v(w). Let g be -2 - ((3 - 6) + i). Give q(g).
-4
Let b(z) be the second derivative of z**3/3 - 10*z**2 + 8*z. Let n be b(12). Suppose -n*l = -3*l + 8. Let v(j) = j**2 + 9*j + 4. What is v(l)?
-4
Let q = -3 - -4. Let s(f) = 7 + 10 - 10. Let j(b) = -b - 1. Let l(k) = -6*j(k) - s(k). Calculate l(q).
5
Let f(m) = -4*m - 2. Let x = 254 - 256. Determine f(x).
6
Let g(z) be the first derivative of 3*z**2 + 6*z + 33. Let s be g(-2). Let v(j) = j**3 + 5*j**2 - 5*j - 2. Give v(s).
-8
Let k(q) be the second derivative of q**5/20 + 5*q**4/4 + 13*q**3/6 - 7*q**2/2 - 145*q. Calculate k(-14).
7
Let m be (4/6)/(2/15). Let y(a) = -a**2 + 2. Let x(j) = 2*j**2 + 4*j - 3. Let h(q) = -x(q) - 3*y(q). Give h(m).
2
Let d(r) = -2*r**3 + 2*r**2 + 2. Let l be 4 + 8/(-20)*5. Calculate d(l).
-6
Let w = -18 + 13. Let p(h) = h + 8. Let x be p(-6). Let t(v) = 25*v**x + 10 - v - 4*v - 4 - 26*v**2. What is t(w)?
6
Suppose 0*q + 2*q - 6 = 0. Let p be ((-5)/15)/(q/45). Let t(n) = n**2 + 7*n + 4. What is t(p)?
-6
Let u(i) be the third derivative of -i**6/120 + i**5/10 + i**4/4 + 5*i**3/6 + 159*i**2. Let n(c) = -c**2 + 5*c + 3. Let l be n(4). Calculate u(l).
-2
Let p(r) = -r**3 - 17*r**2 - 13*r + 48. Let w be p(-16). Let o(s) = -s - 18. Give o(w).
-18
Let t(a) = -a - 7. Let n be -12*(8/6)/4. Let o be n - (-9)/(9/(-4)). What is t(o)?
1
Let g(w) be the third derivative of -w**5/60 + 11*w**4/24 + 2*w**3/3 + 443*w**2. Determine g(11).
4
Let t be 2/3 - 35/(-15). Let y be (4 - 4)/(t + -2). Let s(g) = -8*g - 7 + 6 + y. Give s(-1).
7
Let n(z) = z**3 + 10*z**2 + 10*z + 7. Let f = -42 + 42. Suppose f*i - i = 2, 4*v + 38 = -i. Determine n(v).
-2
Let m(c) = -c**3 + 6*c**2 - 2*c + 3. Let n(a) = -16*a + 9. Let l be n(-9). Let f = 37 - l. Let h be f/(-20) - 2/(-10). Calculate m(h).
-9
Let l(x) = -x**3 - 4*x**2 - 6*x - 4. Suppose -15*d - 24 = -17*d. Let q be 1/(((-21)/d)/7). Determine l(q).
20
Let w(t) = t**3 - 2*t + 316 - 100 - 110 + 6*t**2 - 108. What is w(-7)?
-37
Let w(s) = -s**2 + 2*s - 10. Suppose 3*d - 55 = -46. Calculate w(d).
-13
Let b(s) = 2*s. Suppose f - w - 13 = 3*w, 2*f = -4*w - 22. Let y be (-4 - f)*(2 + -3)*7. What is b(y)?
14
Suppose -32 = -i - 3*i. Let u(j) = -2*j**3 + 30*j**2 - 6 + 71*j - 37*j - 45*j + j**3 - 20*j**2. Give u(i).
34
Suppose -3*k - v + 16 = 0, 7*k - 12*k + 5*v = -40. Let z(h) = -6*h + k + 0*h + 6*h + 2*h. What is z(8)?
22
Let w(v) = v**2 - 3*v - 1. Let m be 1 - (8 - (6 - -3)). What is w(m)?
-3
Let p(g) be the first derivative of -g**4/4 + 2*g**3 + g**2 + 7*g - 86. Calculate p(7).
-28
Let b(a) = -a**2 - 6*a + 1. Let i(g) be the first derivative of g**2 - 15*g - 4. Let x be i(7). Let h = -4 - x. Determine b(h).
10
Let h be (5 - 2 - -1) + 2/(-1). Let t(p) = -7*p**2 + p. Calculate t(h).
-26
Let y(j) = -9*j**2 + 20*j - 14. Let c(i) = 3*i**2 - 7*i + 5. Let t(g) = 17*c(g) + 6*y(g). What is t(-1)?
-3
Suppose 5*q + 5*n = 10, n - 5 = -4*q - 2*n. Let l(w) be the third derivative of -3*w**6/40 - 136*w**2. Give l(q).
9
Let z(v) = 20*v - 3. Let n be z(1). Let y(p) = 15*p**2 - 3*p + 1 - p - n*p**2. Determine y(-4).
-15
Let x(m) = 1 - 4*m - 3*m**2 - m + 6 + m**3 + 13*m**2. Let u(d) = -d**2 + d - 1. Let s(v) = 5*u(v) + x(v). Give s(-5).
2
Let g(o) = 2 - 3 + o**3 + 5*o**2 - 2*o - 5*o. Let s = -92 - -94. Suppose 0 = a + s*v + v - 3, 2*a + v = -9. Calculate g(a).
5
Let v = -912 + 912. Let f(c) = -c**3 - c - 39. Give f(v).
-39
Let u(f) be the second derivative of -f**5/20 - f**4/2 + f**3 - 2*f**2 - 2*f. Let j = -1211 - -1204. Determine u(j).
3
Suppose 0 = 3*z - 4*z + 2. Let b(x) = z*x - x + 3*x - 2*x. Let k(u) = u + 13. Let f be k(-15). Calculate b(f).
-4
Let t(o) = 2*o + 6. Let i(x) be the second derivative of -x**5/